be the third derivative of l**6/120 + l**5/20 + l**4/12 + l**3/3 - 2*l**2. Let y(h) = h**3 + 6*h**2 + 4*h - 7. Let u be y(-5). What is z(u)?
2
Let y(a) = 4*a + 1. Let h be 0/3 + (-1 - -2). Give y(h).
5
Suppose -4*g + 0*g = -24. Let p(a) = 7 + 2*a + g*a**3 - 9 + 3. Let c be 2/(-7) - 5/7. Give p(c).
-7
Let d(j) = -4*j**3 + 4*j**2 + 9*j + 2. Let u(g) = -g**3 - g**2. Let i(p) = -d(p) + 5*u(p). What is i(-8)?
6
Let h(q) = q**2 - q + 1. Let z(t) = 10*t**2 - 3. Let b(p) = -9*p**2 + p + 3. Let j(f) = -2*b(f) - 3*z(f). Let n(c) = -2*h(c) + j(c). What is n(-1)?
-13
Let k(l) = l**3 - 4*l**2 - 5*l + 5. Let z be k(5). Suppose -z*o - 13 = n - 0*o, -3*n + 3*o + 15 = 0. Let a(h) = h**2 + 2. What is a(n)?
6
Let d(o) be the second derivative of o**3/2 + 2*o. Let t(m) = 2*m + 10. Let w be t(-6). Give d(w).
-6
Let j(o) = -1 + 3*o - 2 - 1 - 1. Determine j(5).
10
Let g(k) = -k**2 - 4*k - 2. Suppose -3 = j - 0. Let i be g(j). Let w be -1*i*-1*3. Let x(m) = m**3 - 2*m**2 - 2*m - 3. Determine x(w).
0
Let v(i) = -2*i + 2. Let a(m) = -m + 1. Let s(t) = -11*a(t) + 6*v(t). Let h be 2/(-6) - 32/(-6). What is s(h)?
-4
Let d be (-4)/30 - (-473)/(-165). Let h(u) = -u**2 - 4*u - 1. Determine h(d).
2
Let h(t) be the second derivative of -t**3/6 - 5*t**2/2 + 10*t. What is h(-4)?
-1
Let y(m) = m**3 - 6*m**2 + 2*m - 7. Let b be y(6). Let z(c) = 3*c**2 + 10*c - b - 2*c**2 - 17*c. Calculate z(7).
-5
Let d(g) = 3*g - 5. Let y(a) = a - 2. Let s(b) = -4*d(b) + 10*y(b). What is s(5)?
-10
Let k(v) = -11*v + 28 - 15 - 14. Give k(-1).
10
Let q(x) = -422*x + 4 - 4 + 433*x. Suppose -i = -3*u - 1, i - 1 = -0*i + 5*u. What is q(i)?
11
Let f(l) = l**3 + 2*l**2 - 3*l - 3. Let g = -2 + 5. Suppose -5*j - 13 = -g. Determine f(j).
3
Let u(v) = -v + 11. Let t be u(13). Let d be t + 6 + 0 + -1. Let k(q) be the second derivative of -q**5/20 + q**4/4 - q**3/2 + 2*q**2 - q. Calculate k(d).
-5
Let j(s) = -s**3 - 4*s**2 + 3. Let p = -1 - -3. Let z(a) = 31*a**2 + a**3 + 1 + 1 - 34*a**2 - 2*a**3. Let i(v) = p*z(v) - 3*j(v). Calculate i(-6).
-5
Let m(a) = a - 8. Let o(h) = 9. Let i(c) = 3*m(c) + 2*o(c). Calculate i(5).
9
Suppose 4*g = 5*u - 20, -g - g = 2*u - 8. Let q(i) = g*i + 5 - 5 + i + 4. Give q(-4).
0
Let h be 7/2 + (-2)/4. Let n(l) = -2 + 9*l**2 + 0 + 6*l - 10*l**2. What is n(h)?
7
Let i(l) = 1 - l**2 - 6*l - 3 + 1 - 2. Let o(t) = -t - 2. Let f be o(2). Determine i(f).
5
Let p(q) = q**2 - 9*q - 5. Let g(h) = 10*h**2 - h. Let f be g(1). Give p(f).
-5
Let x(y) = -y**2 - y. Let f(t) = -t**2 - 6*t - 3. Let v(i) = f(i) - 4*x(i). Calculate v(3).
18
Let x be -1 + (-3)/(6/(-2)). Let y(l) = 4*l + 3*l**2 + 2 + 3*l - 3*l + x*l**2. Determine y(-2).
6
Suppose 0*q - 18 = 3*q. Let d(w) = -w**3 - 7*w**2 - 7*w + 3. Calculate d(q).
9
Let m(t) be the third derivative of -t**6/120 + t**5/20 + t**4/24 - 2*t**3/3 + 17*t**2. Determine m(3).
-1
Let g(q) be the second derivative of q**5/20 - 5*q**4/12 + q**3/6 - 2*q**2 - q. Let i be 3 + -3*10/(-15). Calculate g(i).
1
Let l(d) = -15*d + 11*d + 10*d. Give l(-2).
-12
Let l(u) = u + 5. Suppose -5*j + 5 + 15 = 4*q, j + 5*q = 25. Calculate l(j).
5
Let u(o) = -2*o + 0*o**2 + o**2 + 6*o - 2. Suppose 4*w - s - 3*s - 44 = 0, 0 = s + 3. Suppose -3*q + w*q + 33 = -2*p, -3*q + p = 11. Determine u(q).
3
Let f(g) = g - 11. Let b(s) = 3*s + 0*s - 4*s + 6. Let o(a) = -5*b(a) - 3*f(a). Let n be 10/(-2)*16/20. Determine o(n).
-5
Let t(q) = -13*q + 9. Let k(h) = 6*h - 4. Let m(l) = 7*k(l) + 3*t(l). Calculate m(-1).
-4
Let w(l) = l**3 - 5*l**2 + 6. Let n be w(5). Let s(h) = 3 + 6 - 3*h - 1. Give s(n).
-10
Let f(b) = -5*b**3 + 2*b + 1. Let w = -8 - -7. What is f(w)?
4
Let w(y) = -6*y**3 + 2*y**2 - 2*y + 1. Let s be w(1). Let b(m) be the first derivative of -m**2 - 2*m - 4. What is b(s)?
8
Let u(d) = -7*d - 4. Let o(l) = -l**2 + 15*l + 9. Let w(x) = 2*o(x) + 5*u(x). Let t(c) = -c**3 + c**2 + c - 3. Let i be t(0). Give w(i).
-5
Suppose -n - 13 = 5*d, 6*d + 8 = -2*n + 2*d. Let o(a) = -10*a**3 - 2 + 11*a**3 - 3*a**2 + 4*a - 2*a**n. Calculate o(4).
-2
Let x(g) = -32*g**2 - 3*g + 0*g + 33*g**2 + 2. Let i(h) = -h + 9. Let l be i(6). Let w be (2 - (-4)/(-6))*l. What is x(w)?
6
Let t(f) = -f. Let w(x) = 2*x. Let o(c) = -11*t(c) - 6*w(c). Let b be o(5). Let v(s) = -s**2 - 6*s + 1. Calculate v(b).
6
Let t(a) be the third derivative of a**6/60 - a**5/60 - a**4/12 + a**3/3 - 2*a**2. Suppose -3*g = -m + 6*m - 36, -27 = -4*m - 3*g. Let x = 11 - m. Give t(x).
10
Let n(m) = 11*m - 1. Let s(w) = -5*w. Let c(j) = 6*n(j) + 13*s(j). Let r(o) = 4*o - 19. Let v(b) = -7*c(b) + 2*r(b). What is v(-3)?
1
Let v = 18 + -18. Let h(l) = l**2 + 6. What is h(v)?
6
Suppose -3*h + t = -3*t - 18, -3*t = 0. Let f be -2 - -3 - (0 + -1). Let a(n) = -f + 4*n - 3*n + 0*n. Give a(h).
4
Let f(l) = -l - 3. Let t be f(-5). Let y(b) = -t*b**2 - 2*b**2 + 3 - b**3 - 8. Let p be ((-27)/15 - -1)*5. Determine y(p).
-5
Suppose -4*j - 7 = j - 4*t, -j = 5*t - 16. Let c be 6/36 + j/(-6). Let n(o) = o**2 - o + 8. What is n(c)?
8
Let h = 5 - 2. Let x(p) = 4 + h + p - 7. Determine x(5).
5
Suppose 3*h + 2*c = 13 + 6, -h + c + 3 = 0. Let s(z) = z**3 - 6*z**2 + 5*z + 2. Calculate s(h).
2
Let u(m) be the third derivative of -m**5/60 - m**3/3 + m**2. Suppose 0 = -2*g + 7*g - 10. Let j be 3 - (g - (-4 - -3)). Give u(j).
-2
Let n(k) be the third derivative of -7*k**4/24 - 6*k**2. What is n(-1)?
7
Let k(j) = -3 - 16*j**3 + 6*j**2 + 2 + 15*j**3. Suppose h = 6*h - 30. Calculate k(h).
-1
Let i(r) be the first derivative of -r**2/2 - 2*r + 1. Determine i(-8).
6
Let y(u) = u**2 + 7*u + 1. Let q(d) = d**2 + 11*d + 2. Let z(l) = 5*q(l) - 8*y(l). Determine z(-2).
-8
Let x = 88 + -89. Let j(r) = 4*r. Give j(x).
-4
Let v(x) be the third derivative of x**6/120 + x**5/20 - x**4/8 - x**3/6 + 6*x**2. Determine v(-4).
-5
Let i(v) = -2*v**2 + 5*v + 25. Let q(d) be the second derivative of -d**4/12 + d**3/3 + 6*d**2 + 5*d. Let n(f) = -6*i(f) + 13*q(f). Determine n(-6).
-6
Let t = 4 - -2. Let h(y) = -y**3 + 7*y**2 - 4*y - 5. Determine h(t).
7
Suppose -2*t - 8 = -k, 8 = -4*k + 2*t + 28. Let v(b) be the third derivative of b**6/120 - b**5/12 + 5*b**4/24 - 5*b**3/6 + 33*b**2. What is v(k)?
-1
Let b(h) = -h**2 + 5*h + 1. Suppose -7*q + 10 = -5*q. Calculate b(q).
1
Let k(x) = 2*x**2 + 7*x + 4. Let v(z) = -z**2 - 2*z - 1. Let t be v(-3). Give k(t).
8
Let l(q) be the third derivative of -1/120*q**6 - q**2 + 0 - 1/24*q**4 + 5/3*q**3 + 0*q + 0*q**5. Give l(0).
10
Let m(d) = d**2 - 3*d. Let f be m(4). Suppose -f*n + 1 = -3. Let g(k) = -n + 3 + 3*k - k + 4*k - k**3 - 4*k**2. What is g(-5)?
-3
Let d(f) = f**3 + 7*f**2 - 2*f - 10. Let m be d(-7). Suppose -7 - 5 = m*p. Let v(k) = -k**3 - 3*k**2 + 3*k + 4. Determine v(p).
-5
Let n(b) = -2*b - 6. Let p(f) = -2*f - 5. Let a(y) = -2*n(y) + 3*p(y). Let i(d) = d**3 - 5*d**2 - 5. Let o be i(5). Determine a(o).
7
Suppose 0*n + 8 = -4*n. Let y(a) = 3*a - 2. Let z(d) = 10*d - 7. Let c(p) = 14*y(p) - 4*z(p). Give c(n).
-4
Let a(g) = -10*g + 10. Let u(q) = 3*q - 3. Let f(v) = -2*a(v) - 7*u(v). Let j = 7 - 8. Determine f(j).
2
Let j(d) = -d**2 - d - 1. Let p = -125 - -122. Determine j(p).
-7
Let i(u) be the first derivative of u**3/3 + 7*u**2/2 + 6*u - 11. Calculate i(-5).
-4
Let s(b) = -b**3 - 5 - 3 - b**2 + 5. Let f(x) = x**3 + 2*x**2 + 4. Let o(q) = -2*f(q) - 3*s(q). Determine o(-2).
-11
Let f(i) = i**3 + i**2 - 1. Let s(m) = -4*m**3 - 6*m**2 + 4*m + 7. Let z(n) = -3*f(n) - s(n). Calculate z(-4).
-4
Let v(z) = -6*z**3 + z. Let t = -2 + 5. Suppose 4*q = -t*l - 5 - 0, 2*q - 10 = -4*l. Let d = -4 + l. What is v(d)?
-5
Suppose -3*l + 8*l - 5 = 0. Suppose 4*h = 5*h - l. Let f(d) be the third derivative of -d**4/4 - d**3/6 + 2*d**2. What is f(h)?
-7
Let h(o) = 3*o + 9 + 2 - 4. Let u be ((-70)/28)/(1/(-2) - -1). Determine h(u).
-8
Let o(j) = j**3 - 7*j**2 - 7*j - 10. Let l = 39 - 31. Determine o(l).
-2
Suppose 5*a + 15 = 2*a. Suppose -5*d = -2*c + 11 + 3, 2*d = 3*c + 1. Let r be a/(c/(-3))*1. Let k(s) = s**2 + 6*s + 7. What is k(r)?
2
Let g(x) = 8*x. Let i = 7 - 5. Suppose 0 = -p + 2*t - 3*t - 3, 0 = 4*p + i*t + 4. Determine g(p).
8
Let n = 12 + -15. Let c(t) = -5*t**2 - 3*t - 1. Let a(w) = -w. Let d(s) = n*a(s) + c(s). Let v be (-4)/(-6) - (-2)/6. What is d(v)?
-6
Let w(y) be the third derivative of -y**8/20160 + y**6/144 - y**5/60 + 8*y**2. Let x(b) be t